{"id":309058,"date":"2023-12-16T22:46:00","date_gmt":"2023-12-16T21:46:00","guid":{"rendered":"https:\/\/collection.galerie-gerdes.com\/produkt\/dorfmusik-dessin-adolf-muenzer-homme-avec-un-tuba\/"},"modified":"2023-12-16T22:46:00","modified_gmt":"2023-12-16T21:46:00","slug":"dorfmusik-dessin-adolf-muenzer-homme-avec-un-tuba","status":"publish","type":"product","link":"https:\/\/collection.galerie-gerdes.com\/fr\/p\/dorfmusik-dessin-adolf-muenzer-homme-avec-un-tuba\/","title":{"rendered":"\u00ab\u00a0Dorfmusik\u00a0\u00bb, dessin, Adolf M\u00fcnzer, homme avec un tuba"},"content":{"rendered":"<p>N\u00e9 \u00e0 Ple\u00df, en Haute-Sil\u00e9sie, il passa son enfance \u00e0 Wroclaw, apr\u00e8s la mort pr\u00e9matur\u00e9e de son p\u00e8re en 1876. Il y fr\u00e9quenta le lyc\u00e9e Matthias et commen\u00e7a en 1886 une formation aupr\u00e8s du peintre d\u00e9corateur Georg Heintze. Il a ensuite poursuivi sa formation \u00e0 l&rsquo;\u00e9cole des arts et m\u00e9tiers de Wroclaw, sous la direction de professeurs tels que Heinrich Irmann, Paul Schobelt et Albrecht Br\u00e4uer.  <\/p>\n<p>En 1894, M\u00fcnzer commen\u00e7a ses \u00e9tudes \u00e0 l&rsquo;Acad\u00e9mie des Beaux-Arts de Munich, o\u00f9 il re\u00e7ut l&rsquo;enseignement d&rsquo;artistes renomm\u00e9s tels que Karl Raupp et Otto Seitz. Pendant son service militaire, il rejoint la classe de peinture de Paul Hoecker, qui s&rsquo;int\u00e9resse de pr\u00e8s \u00e0 la peinture en plein air. M\u00fcnzer y obtint m\u00eame son propre atelier de ma\u00eetre en 1896.  <\/p>\n<p>En 1898, il fut l&rsquo;un des deux laur\u00e9ats du premier concours organis\u00e9 par Ludwig Stollwerck pour des projets de tableaux de collection Stollwerck, avec un prix de 1000 marks. A partir de 1899, M\u00fcnzer exposa ses \u0153uvres au Glaspalast de Munich en tant que membre du groupe d&rsquo;artistes Scholle. Cela l&rsquo;a \u00e9galement conduit \u00e0 collaborer avec l&rsquo;hebdomadaire munichois \u00ab\u00a0Jugend\u00a0\u00bb et le magazine satirique \u00ab\u00a0Simplicissimus\u00a0\u00bb.  <\/p>\n<p>Il consolide son d\u00e9veloppement artistique lors d&rsquo;un s\u00e9jour \u00e0 Paris de 1900 \u00e0 1902. En 1903, il rencontra Marie Therese Dree\u00dfen n\u00e9e von Vestenhof, qu&rsquo;il \u00e9pousa un an apr\u00e8s un esclandre spectaculaire. Cet esclandre entra\u00eena le divorce de Mme Dree\u00dfens et de son mari.   <\/p>\n<p>En 1909, M\u00fcnzer est devenu responsable d&rsquo;une classe de peinture \u00e0 l&rsquo;Acad\u00e9mie des arts de D\u00fcsseldorf, o\u00f9 il a enseign\u00e9 jusqu&rsquo;en 1932. Durant cette p\u00e9riode, il a \u00e9galement r\u00e9alis\u00e9 des peintures murales et des plafonds pour le gouvernement du district de D\u00fcsseldorf. Pendant la Premi\u00e8re Guerre mondiale, il servit sur le front en tant que peintre de guerre en 1915 et s&rsquo;engagea comme volontaire en 1917, mais ne fut pas mobilis\u00e9.  <\/p>\n<p>En 1938, la famille M\u00fcnzer s&rsquo;installe \u00e0 Holzhausen am Ammersee. Les \u0153uvres de M\u00fcnzer ont \u00e9t\u00e9 expos\u00e9es dans plusieurs mus\u00e9es et collections prestigieux, dont la Neue Pinakothek de Munich, le Wallraf-Richartz-Museum de Cologne, le St\u00e4dtische Kunstmuseum de D\u00fcsseldorf et la collection du Kunstverein de B\u00e2le. <\/p>\n<p>Entre 1938 et 1944, M\u00fcnzer a particip\u00e9 activement aux Grandes expositions d&rsquo;art allemand initi\u00e9es par les nazis \u00e0 la Maison de l&rsquo;art allemand de Munich, et a m\u00eame vendu une \u0153uvre \u00e0 Adolf Hitler. En 1950, il a expos\u00e9 trente tableaux \u00e0 la M\u00fcnchner K\u00fcnstlergenossenschaft. M\u00fcnzer a \u00e9t\u00e9 inscrit sur la liste des \u00ab\u00a0Gottbegnadeten\u00a0\u00bb du minist\u00e8re du Reich pour l&rsquo;\u00e9ducation et la propagande en 1944.  <\/p>\n<p>Le style narratif de M\u00fcnzer s&rsquo;est manifest\u00e9 dans ses gravures, notamment \u00e0 travers ses illustrations de contes pour la maison d&rsquo;\u00e9dition Scholz \u00e0 Mayence. Il \u00e9tait \u00e9galement membre de l&rsquo;Association des artistes allemands. <\/p>\n","protected":false},"excerpt":{"rendered":"<p>Adolf M\u00fcnzer (1870-1953)<br \/>\nTraces d&rsquo;\u00e2ge, voir photos<\/p>\n","protected":false},"featured_media":7678,"template":"","meta":{"site-sidebar-layout":"default","site-content-layout":"","ast-site-content-layout":"default","site-content-style":"default","site-sidebar-style":"default","ast-global-header-display":"","ast-banner-title-visibility":"","ast-main-header-display":"","ast-hfb-above-header-display":"","ast-hfb-below-header-display":"","ast-hfb-mobile-header-display":"","site-post-title":"","ast-breadcrumbs-content":"","ast-featured-img":"","footer-sml-layout":"","ast-disable-related-posts":"","theme-transparent-header-meta":"default","adv-header-id-meta":"","stick-header-meta":"","header-above-stick-meta":"","header-main-stick-meta":"","header-below-stick-meta":"","astra-migrate-meta-layouts":"default","ast-page-background-enabled":"default","ast-page-background-meta":{"desktop":{"background-color":"var(--ast-global-color-4)","background-image":"","background-repeat":"repeat","background-position":"center center","background-size":"auto","background-attachment":"scroll","background-type":"","background-media":"","overlay-type":"","overlay-color":"","overlay-opacity":"","overlay-gradient":""},"tablet":{"background-color":"","background-image":"","background-repeat":"repeat","background-position":"center center","background-size":"auto","background-attachment":"scroll","background-type":"","background-media":"","overlay-type":"","overlay-color":"","overlay-opacity":"","overlay-gradient":""},"mobile":{"background-color":"","background-image":"","background-repeat":"repeat","background-position":"center center","background-size":"auto","background-attachment":"scroll","background-type":"","background-media":"","overlay-type":"","overlay-color":"","overlay-opacity":"","overlay-gradient":""}},"ast-content-background-meta":{"desktop":{"background-color":"var(--ast-global-color-5)","background-image":"","background-repeat":"repeat","background-position":"center center","background-size":"auto","background-attachment":"scroll","background-type":"","background-media":"","overlay-type":"","overlay-color":"","overlay-opacity":"","overlay-gradient":""},"tablet":{"background-color":"var(--ast-global-color-5)","background-image":"","background-repeat":"repeat","background-position":"center center","background-size":"auto","background-attachment":"scroll","background-type":"","background-media":"","overlay-type":"","overlay-color":"","overlay-opacity":"","overlay-gradient":""},"mobile":{"background-color":"var(--ast-global-color-5)","background-image":"","background-repeat":"repeat","background-position":"center center","background-size":"auto","background-attachment":"scroll","background-type":"","background-media":"","overlay-type":"","overlay-color":"","overlay-opacity":"","overlay-gradient":""}}},"product_brand":[],"product_cat":[719,593],"product_tag":[14912,1485,14914,14913,1486,1487,1488,1489,1490],"class_list":{"0":"post-309058","1":"product","2":"type-product","3":"status-publish","4":"has-post-thumbnail","6":"product_cat-german-fr","7":"product_cat-painting-fr","8":"product_tag-adolf-muenzer-fr","9":"product_tag-art-fr","10":"product_tag-dessin","11":"product_tag-french","12":"product_tag-gemalde-fr","13":"product_tag-kunst-fr","14":"product_tag-painting-fr","15":"product_tag-peintures-fr","16":"product_tag-pittura-fr","17":"desktop-align-center","18":"tablet-align-left","19":"mobile-align-left","21":"first","22":"instock","23":"taxable","24":"shipping-taxable","25":"product-type-simple"},"_links":{"self":[{"href":"https:\/\/collection.galerie-gerdes.com\/fr\/wp-json\/wp\/v2\/product\/309058","targetHints":{"allow":["GET"]}}],"collection":[{"href":"https:\/\/collection.galerie-gerdes.com\/fr\/wp-json\/wp\/v2\/product"}],"about":[{"href":"https:\/\/collection.galerie-gerdes.com\/fr\/wp-json\/wp\/v2\/types\/product"}],"wp:featuredmedia":[{"embeddable":true,"href":"https:\/\/collection.galerie-gerdes.com\/fr\/wp-json\/wp\/v2\/media\/7678"}],"wp:attachment":[{"href":"https:\/\/collection.galerie-gerdes.com\/fr\/wp-json\/wp\/v2\/media?parent=309058"}],"wp:term":[{"taxonomy":"product_brand","embeddable":true,"href":"https:\/\/collection.galerie-gerdes.com\/fr\/wp-json\/wp\/v2\/product_brand?post=309058"},{"taxonomy":"product_cat","embeddable":true,"href":"https:\/\/collection.galerie-gerdes.com\/fr\/wp-json\/wp\/v2\/product_cat?post=309058"},{"taxonomy":"product_tag","embeddable":true,"href":"https:\/\/collection.galerie-gerdes.com\/fr\/wp-json\/wp\/v2\/product_tag?post=309058"}],"curies":[{"name":"wp","href":"https:\/\/api.w.org\/{rel}","templated":true}]}}

« Dorfmusik », dessin, Adolf Münzer, homme avec un tuba

<p>Né à Pleß, en Haute-Silésie, il passa son enfance à Wroclaw, après la mort prématurée de son père en 1876. Il y fréquenta le lycée Matthias et commença en 1886 une formation auprès du peintre décorateur Georg Heintze. Il a ensuite poursuivi sa formation à l&rsquo;école des arts et métiers de Wroclaw, sous la direction de professeurs tels que Heinrich Irmann, Paul Schobelt et Albrecht Bräuer.  </p>
<p>En 1894, Münzer commença ses études à l&rsquo;Académie des Beaux-Arts de Munich, où il reçut l&rsquo;enseignement d&rsquo;artistes renommés tels que Karl Raupp et Otto Seitz. Pendant son service militaire, il rejoint la classe de peinture de Paul Hoecker, qui s&rsquo;intéresse de près à la peinture en plein air. Münzer y obtint même son propre atelier de maître en 1896.  </p>
<p>En 1898, il fut l&rsquo;un des deux lauréats du premier concours organisé par Ludwig Stollwerck pour des projets de tableaux de collection Stollwerck, avec un prix de 1000 marks. A partir de 1899, Münzer exposa ses œuvres au Glaspalast de Munich en tant que membre du groupe d&rsquo;artistes Scholle. Cela l&rsquo;a également conduit à collaborer avec l&rsquo;hebdomadaire munichois « Jugend » et le magazine satirique « Simplicissimus ».  </p>
<p>Il consolide son développement artistique lors d&rsquo;un séjour à Paris de 1900 à 1902. En 1903, il rencontra Marie Therese Dreeßen née von Vestenhof, qu&rsquo;il épousa un an après un esclandre spectaculaire. Cet esclandre entraîna le divorce de Mme Dreeßens et de son mari.   </p>
<p>En 1909, Münzer est devenu responsable d&rsquo;une classe de peinture à l&rsquo;Académie des arts de Düsseldorf, où il a enseigné jusqu&rsquo;en 1932. Durant cette période, il a également réalisé des peintures murales et des plafonds pour le gouvernement du district de Düsseldorf. Pendant la Première Guerre mondiale, il servit sur le front en tant que peintre de guerre en 1915 et s&rsquo;engagea comme volontaire en 1917, mais ne fut pas mobilisé.  </p>
<p>En 1938, la famille Münzer s&rsquo;installe à Holzhausen am Ammersee. Les œuvres de Münzer ont été exposées dans plusieurs musées et collections prestigieux, dont la Neue Pinakothek de Munich, le Wallraf-Richartz-Museum de Cologne, le Städtische Kunstmuseum de Düsseldorf et la collection du Kunstverein de Bâle. </p>
<p>Entre 1938 et 1944, Münzer a participé activement aux Grandes expositions d&rsquo;art allemand initiées par les nazis à la Maison de l&rsquo;art allemand de Munich, et a même vendu une œuvre à Adolf Hitler. En 1950, il a exposé trente tableaux à la Münchner Künstlergenossenschaft. Münzer a été inscrit sur la liste des « Gottbegnadeten » du ministère du Reich pour l&rsquo;éducation et la propagande en 1944.  </p>
<p>Le style narratif de Münzer s&rsquo;est manifesté dans ses gravures, notamment à travers ses illustrations de contes pour la maison d&rsquo;édition Scholz à Mayence. Il était également membre de l&rsquo;Association des artistes allemands. </p>

<p>Adolf Münzer (1870-1953)<br />
Traces d&rsquo;âge, voir photos</p>
